{"id":367,"date":"2022-09-27T12:28:55","date_gmt":"2022-09-27T12:28:55","guid":{"rendered":"http:\/\/blogeri.gelender.hr\/ze100ko\/?page_id=367"},"modified":"2022-09-27T13:28:58","modified_gmt":"2022-09-27T13:28:58","slug":"ze100ko-10","status":"publish","type":"page","link":"https:\/\/blogeri.gelender.hr\/ze100ko\/ze100ko-10\/","title":{"rendered":"\u017de100ko 10"},"content":{"rendered":"\n<p>Trasa (stress-free certifikat obnovljen): Vugrin\u0161\u010dak \/ Hamor \/ Slani dol- Dragono\u0161 \/ Jaru\u0161je \/ \u0160imraki raskr\u0161\u0107e \/ Mrzlo Polje \u017dumbera\u010dko \/ Gornja Vas \/ Je\u010dmi\u0161te \/ Plije\u0161 \/ Sveta Gera \/ Boi\u0107i \/ So\u0161ice \/ slap Sopot \/ Je\u010dmi\u0161te \/ Kalje \/ Draganov mlin \/ Slap Brisalo \/ Pe\u0107no \/ Ze\u010dak \/ Dragono\u0161 \/ \u0160oi\u0107eva ku\u0107a \/ vrh O\u0161trc \/ Veliki dol \/ Pala\u010dnik \/ Vugrin\u0161\u010dak<\/p>\n\n\n\n<p>Mihovil Stami\u010dar 14:28:16<br>Mario \u010celikovi\u0107 15:19:17<br><strong>Anita Lackovi\u0107 15:50:00<\/strong><br>Vedran Sablji\u0107 15:58:40<br>\u017deljko Prese\u010dki 16:14:00<br>Ivan Mu\u010dnjak 16:15:00<br><strong>Irena Smojver 17:12:50<\/strong><br>Marko Curi 17:12:50<br>Stjepan Radi\u0107 17:12:50<br>\u017deljko Brki\u0107 17:39:20<br>Zvonko Vida 21:08:05<br>Jurica Sugneti\u0107 21:08:05<br>Miroslav Palavra 23:25:35<br>Tomislav Pa\u0111an 23:25:35<br>Goran Poljak \u2013 do So\u0161ica<br>Goran Marovi\u0107 \u2013 do \u0160imraka pa Ze\u010dak i sve do Vugrin\u0161\u010daka<\/p>\n\n\n\n<p>MTB \u2013 Vedran Gra\u010dan 13:34:00<\/p>\n\n\n<p><!--StartFragment--><\/p>\n\n<p><!--EndFragment--><\/p>\n\n\n<p><br><\/p>\n","protected":false},"excerpt":{"rendered":"<p>Trasa (stress-free certifikat obnovljen): Vugrin\u0161\u010dak \/ Hamor \/ Slani dol- Dragono\u0161 \/ Jaru\u0161je \/ \u0160imraki raskr\u0161\u0107e \/ Mrzlo Polje \u017dumbera\u010dko \/ Gornja Vas \/ Je\u010dmi\u0161te \/ Plije\u0161 \/ Sveta Gera \/ Boi\u0107i \/ So\u0161ice \/ slap Sopot \/ Je\u010dmi\u0161te \/ &hellip; <a class=\"more-link\" href=\"https:\/\/blogeri.gelender.hr\/ze100ko\/ze100ko-10\/\">Continue reading <span class=\"meta-nav\">&rarr;<\/span><\/a><\/p>\n","protected":false},"author":13,"featured_media":0,"parent":0,"menu_order":1,"comment_status":"closed","ping_status":"closed","template":"","meta":{"footnotes":""},"class_list":["post-367","page","type-page","status-publish","hentry"],"_links":{"self":[{"href":"https:\/\/blogeri.gelender.hr\/ze100ko\/wp-json\/wp\/v2\/pages\/367","targetHints":{"allow":["GET"]}}],"collection":[{"href":"https:\/\/blogeri.gelender.hr\/ze100ko\/wp-json\/wp\/v2\/pages"}],"about":[{"href":"https:\/\/blogeri.gelender.hr\/ze100ko\/wp-json\/wp\/v2\/types\/page"}],"author":[{"embeddable":true,"href":"https:\/\/blogeri.gelender.hr\/ze100ko\/wp-json\/wp\/v2\/users\/13"}],"replies":[{"embeddable":true,"href":"https:\/\/blogeri.gelender.hr\/ze100ko\/wp-json\/wp\/v2\/comments?post=367"}],"version-history":[{"count":4,"href":"https:\/\/blogeri.gelender.hr\/ze100ko\/wp-json\/wp\/v2\/pages\/367\/revisions"}],"predecessor-version":[{"id":375,"href":"https:\/\/blogeri.gelender.hr\/ze100ko\/wp-json\/wp\/v2\/pages\/367\/revisions\/375"}],"wp:attachment":[{"href":"https:\/\/blogeri.gelender.hr\/ze100ko\/wp-json\/wp\/v2\/media?parent=367"}],"curies":[{"name":"wp","href":"https:\/\/api.w.org\/{rel}","templated":true}]}}